 of 69381157?
9
What is the thousands digit of 1428989469?
9
What is the tens digit of 132904056?
5
What is the ten millions digit of 859044426?
5
What is the ten thousands digit of 2333910359?
1
What is the units digit of 1319538551?
1
What is the billions digit of 4328553099?
4
What is the hundred thousands digit of 360269794?
2
What is the thousands digit of 708047384?
7
What is the thousands digit of 783082385?
2
What is the hundreds digit of 25206411?
4
What is the ten millions digit of 3100146308?
0
What is the thousands digit of 8738757?
8
What is the hundred millions digit of 1035106071?
0
What is the ten thousands digit of 27647224?
4
What is the units digit of 73159283?
3
What is the units digit of 4753961065?
5
What is the tens digit of 27015453?
5
What is the ten thousands digit of 80405744?
0
What is the tens digit of 523766125?
2
What is the millions digit of 62489758?
2
What is the ten millions digit of 41930436?
4
What is the ten thousands digit of 53243454?
4
What is the tens digit of 270199039?
3
What is the hundreds digit of 665812028?
0
What is the tens digit of 424454189?
8
What is the thousands digit of 8315672?
5
What is the units digit of 1241106038?
8
What is the units digit of 682398663?
3
What is the hundreds digit of 1897478112?
1
What is the hundred millions digit of 1290749217?
2
What is the hundred millions digit of 315084716?
3
What is the millions digit of 47686183?
7
What is the ten millions digit of 20479083?
2
What is the millions digit of 331638689?
1
What is the hundred thousands digit of 1342110967?
1
What is the billions digit of 6692867649?
6
What is the ten millions digit of 193780143?
9
What is the ten millions digit of 17280150?
1
What is the ten thousands digit of 40824176?
2
What is the tens digit of 3490966363?
6
What is the millions digit of 283982143?
3
What is the ten thousands digit of 82403160?
0
What is the millions digit of 90634647?
0
What is the ten thousands digit of 2273580824?
8
What is the units digit of 106184201?
1
What is the units digit of 36940287?
7
What is the units digit of 538449849?
9
What is the ten thousands digit of 31009985?
0
What is the ten thousands digit of 2052950338?
5
What is the hundreds digit of 178966989?
9
What is the units digit of 102306338?
8
What is the thousands digit of 1018662326?
2
What is the units digit of 5284342173?
3
What is the millions digit of 39241067?
9
What is the hundred thousands digit of 932321629?
3
What is the units digit of 4507218030?
0
What is the ten thousands digit of 2466602380?
0
What is the thousands digit of 3746663765?
3
What is the ten millions digit of 15135735?
1
What is the hundreds digit of 282623384?
3
What is the millions digit of 257561843?
7
What is the units digit of 79834443?
3
What is the ten millions digit of 13321007?
1
What is the thousands digit of 1063993893?
3
What is the units digit of 2731402702?
2
What is the hundred thousands digit of 144212094?
2
What is the millions digit of 999612497?
9
What is the ten millions digit of 170071166?
7
What is the millions digit of 4164159482?
4
What is the thousands digit of 24519534?
9
What is the units digit of 331646317?
7
What is the millions digit of 192492805?
2
What is the millions digit of 953999882?
3
What is the millions digit of 981909812?
1
What is the hundred millions digit of 433274406?
4
What is the ten millions digit of 240274268?
4
What is the millions digit of 2145959684?
5
What is the millions digit of 692417495?
2
What is the thousands digit of 71919586?
9
What is the ten thousands digit of 2314787089?
8
What is the tens digit of 43654291?
9
What is the ten thousands digit of 168711473?
1
What is the tens digit of 285627536?
3
What is the ten millions digit of 54615532?
5
What is the tens digit of 2053435?
3
What is the hundred millions digit of 2786141866?
7
What is the ten thousands digit of 42441548?
4
What is the ten millions digit of 996255479?
9
What is the ten millions digit of 73939797?
7
What is the ten millions digit of 154150096?
5
What is the ten millions digit of 1526881819?
2
What is the thousands digit of 29131356?
1
What is the units digit of 2639469432?
2
What is the hundreds digit of 160279798?
7
What is the hundred thousands digit of 102750787?
7
What is the hundred thousands digit of 40185507?
1
What is the tens digit of 211485483?
8
What is the ten millions digit of 357606101?
5
What is the units digit of 13448214?
4
What is the units digit of 670130882?
2
What is the tens digit of 205564633?
3
What is the hundred thousands digit of 7130466?
1
What is the millions digit of 569864463?
9
What is the ten millions digit of 51221672?
5
What is the units digit of 1141444292?
2
What is the tens digit of 44467086?
8
What is the thousands digit of 2614555899?
5
What is the hundreds digit of 7769895?
8
What is the units digit of 866605448?
8
What is the hundred thousands digit of 8361111?
3
What is the hundreds digit of 48333324?
3
What is the thousands digit of 620578503?
8
What is the tens digit of 20782284?
8
What is the ten thousands digit of 219849781?
4
What is the tens digit of 561164142?
4
What is the hundred thousands digit of 457283383?
2
What is the thousands digit of 52435882?
5
What is the hundred thousands digit of 393191417?
1
What is the hundred thousands digit of 79071293?
0
What is the hundred millions digit of 5265395830?
2
What is the ten thousands digit of 149994062?
9
What is the thousands digit of 75136084?
6
What is the hundred thousands digit of 75743813?
7
What is the ten millions digit of 3785880415?
8
What is the hundreds digit of 50908062?
0
What is the hundreds digit of 1226199401?
4
What is the tens digit of 91201918?
1
What is the ten thousands digit of 26714743?
1
What is the hundred thousands digit of 4110413806?
4
What is the ten thousands digit of 22437697?
3
What is the units digit of 5615880?
0
What is the billions digit of 2891831110?
2
What is the ten thousands digit of 75818088?
1
What is the millions digit of 148398068?
8
What is the hundreds digit of 80534029?
0
What is the millions digit of 608197080?
8
What is the thousands digit of 79749773?
9
What is the hundreds digit of 4608535668?
6
What is the units digit of 19274066?
6
What is the tens digit of 94051463?
6
What is the units digit of 386461831?
1
What is the thousands digit of 752335156?
5
What is the hundreds digit of 224854095?
0
What is the ten thousands digit of 900851477?
5
What is the hundreds digit of 18687384?
3
What is the thousands digit of 148249537?
9
What is the hundreds digit of 2005897315?
3
What is the hundred millions digit of 6519807256?
5
What is the units digit of 312993603?
3
What is the thousands digit of 629922721?
2
What is the thousands digit of 875642994?
2
What is the hundreds digit of 4804634095?
0
What is the ten thousands digit of 399822946?
2
What is the ten millions digit of 144270753?
4
What is the hundred millions digit of 598801810?
5
What is the ten millions digit of 42767956?
4
What is the units digit of 310677907?
7
What is the hundred thousands digit of 11105973?
1
What is the ten millions digit of 570310962?
7
What is the tens digit of 13145839?
3
What is the ten thousands digit of 2778043051?
4
What is the ten millions digit of 283404058?
8
What is the ten thousands digit of 94792566?
9
What is the hundreds digit of 67959322?
3
What is the units digit of 256009666?
6
What is the hundreds digit of 884020645?
6
What is the hundred thousands digit of 1108970366?
9
What is the ten millions digit of 219142835?
1
What is the ten millions digit of 6320105362?
2
What is the hundreds digit of 36326191?
1
What is the tens digit of 798827469?
6
What is the thousands digit of 1233241635?
1
What is the hundreds digit of 427824247?
2
What is the billions digit of 2203772643?
2
What is the hundred thousands digit of 117762567?
7
What is the hundred thousands digit of 353344323?
3
What is the hundreds digit of 26827705?
7
What is the ten thousands digit of 2635120?
3
What is the units digit of 37890646?
6
What is the units digit of 689570753?
3
What is the thousands digit of 12406897?
6
What is the hundred millions digit of 992754415?
9
What is the hundred millions digit of 854284371?
8
What is the millions dig